Is 2515819 composite?
True
Is 626377 a prime number?
True
Is 312044983 composite?
False
Is 7158917 a composite number?
True
Is 42006223 a prime number?
False
Is 491610317 composite?
True
Is 2665661 a composite number?
True
Is 2053867 a composite number?
True
Is 913321 a prime number?
True
Is 3371873 composite?
True
Is 22979519 composite?
False
Is 117515477 a composite number?
True
Is 46936933 a prime number?
True
Is 56417131 prime?
False
Is 2651741 a prime number?
True
Is 2154487 composite?
False
Is 91976833 a prime number?
False
Is 2475773 a composite number?
False
Is 3959231 a composite number?
True
Is 10159763 prime?
True
Is 631339 prime?
True
Is 1833631 a composite number?
False
Is 659389 prime?
False
Is 585043499 prime?
True
Is 923537 composite?
True
Is 460787 a prime number?
True
Is 15769951 prime?
True
Is 6870653 a prime number?
True
Is 1953235 prime?
False
Is 169339 prime?
True
Is 11831151 composite?
True
Is 33821057 prime?
True
Is 152515003 a prime number?
True
Is 40557619 a composite number?
True
Is 1177277 a composite number?
False
Is 22197661 prime?
True
Is 845555213 a prime number?
False
Is 812081 composite?
False
Is 5697943 prime?
True
Is 4414867 a composite number?
False
Is 22525417 composite?
True
Is 4159761 composite?
True
Is 1208209 prime?
True
Is 14493613 a prime number?
True
Is 36907103 a composite number?
False
Is 140310727 a prime number?
False
Is 269573659 composite?
False
Is 88565459 composite?
False
Is 861527 a composite number?
True
Is 2647823 a composite number?
True
Is 18172127 prime?
False
Is 13854377 prime?
True
Is 792970031 a composite number?
True
Is 345274717 prime?
True
Is 28554157 a prime number?
False
Is 49962659 a composite number?
True
Is 300911939 composite?
False
Is 896047 a composite number?
False
Is 1303693 prime?
True
Is 122471411 prime?
False
Is 2178611 composite?
False
Is 11027941 prime?
False
Is 3864923 a prime number?
False
Is 226833 prime?
False
Is 2431097 prime?
True
Is 53890537 a prime number?
False
Is 24260997 a composite number?
True
Is 5409069 composite?
True
Is 142627271 prime?
True
Is 7895269 prime?
True
Is 6828727 a composite number?
False
Is 9384995 a prime number?
False
Is 6616861 prime?
True
Is 1221983 prime?
False
Is 19586483 composite?
True
Is 1157381 a prime number?
True
Is 28134707 composite?
True
Is 1011915209 a composite number?
False
Is 2160371 prime?
False
Is 12949327 prime?
False
Is 46328419 prime?
True
Is 16411733 a composite number?
True
Is 762942377 a composite number?
True
Is 29745769 composite?
True
Is 562709 a composite number?
True
Is 250419689 composite?
True
Is 43411367 a prime number?
True
Is 350838613 prime?
True
Is 23720077 a prime number?
False
Is 304344847 composite?
False
Is 2901806 composite?
True
Is 545387243 a prime number?
True
Is 318906677 prime?
True
Is 39171469 a prime number?
True
Is 3001313 a composite number?
True
Is 420199774 prime?
False
Is 20907149 prime?
False
Is 396079 composite?
False
Is 22269021 prime?
False
Is 76043921 composite?
False
Is 12565615 a prime number?
False
Is 816379 composite?
True
Is 3715253 a composite number?
False
Is 6927535 prime?
False
Is 20848879 prime?
False
Is 3049733 a composite number?
True
Is 97043789 a prime number?
True
Is 386279 a composite number?
False
Is 60034681 composite?
True
Is 67484281 composite?
True
Is 267523871 prime?
True
Is 3733271 prime?
True
Is 873541261 composite?
False
Is 18575155 a composite number?
True
Is 2698441 a composite number?
False
Is 903311 a prime number?
True
Is 36705689 a composite number?
False
Is 12879179 composite?
False
Is 858643 composite?
True
Is 527562487 prime?
True
Is 150637699 a prime number?
False
Is 1233143 composite?
False
Is 98264681 a composite number?
False
Is 18758243 prime?
False
Is 129788921 a composite number?
True
Is 294214541 composite?
True
Is 564567 a prime number?
False
Is 46872187 a prime number?
True
Is 12471841 prime?
True
Is 180290461 a prime number?
False
Is 93973511 composite?
True
Is 41068579 a composite number?
False
Is 10421 a prime number?
False
Is 8573077 prime?
True
Is 8277103 composite?
True
Is 2839063 a prime number?
True
Is 95961703 a composite number?
False
Is 15464851 prime?
False
Is 3075299 prime?
True
Is 30728363 a composite number?
True
Is 21327083 prime?
False
Is 34622099 composite?
False
Is 1514783 composite?
False
Is 2199277 prime?
True
Is 2844481 composite?
False
Is 919559 composite?
False
Is 232182047 a prime number?
False
Is 39485353 a composite number?
False
Is 105314629 a composite number?
True
Is 74360966 composite?
True
Is 5983067 prime?
True
Is 130047373 prime?
True
Is 15761399 composite?
False
Is 291257 a composite number?
False
Is 974359 a prime number?
True
Is 27136621 a composite number?
False
Is 15080721 a composite number?
True
Is 29196509 a composite number?
False
Is 112097591 prime?
True
Is 9145457 prime?
True
Is 361173 a composite number?
True
Is 2957999 composite?
True
Is 44515657 composite?
False
Is 278029 a composite number?
False
Is 232672493 prime?
True
Is 831631 composite?
False
Is 272358731 a composite number?
False
Is 13856077 a prime number?
True
Is 24359941 a prime number?
False
Is 10645337 composite?
False
Is 1768303 composite?
False
Is 7211101 composite?
True
Is 23835697 composite?
True
Is 680923 prime?
False
Is 82590161 a composite number?
False
Is 1143149 composite?
True
Is 4925023 a prime number?
True
Is 3296389 prime?
False
Is 19827629 a prime number?
True
Is 11089361 a prime number?
False
Is 66627971 a composite number?
False
Is 104986591 composite?
False
Is 628079797 prime?
True
Is 26650409 a composite number?
False
Is 6379601 a composite number?
False
Is 8880959 a prime number?
True
Is 7850819 composite?
True
Is 11724959 prime?
False
Is 9451451 a prime number?
True
Is 10157447 composite?
False
Is 51392323 a composite number?
False
Is 3016427 composite?
True
Is 6907591 prime?
True
Is 3564739 composite?
False
Is 131910659 a composite number?
True
Is 10279127 a composite number?
False
Is 3259549 composite?
True
Is 97007381 a composite number?
True
Is 219625217 a composite number?
True
Is 1011301415 prime?
False
Is 791759219 prime?
False
Is 11004545 prime?
False
Is 2208335 prime?
False
Is 1395859 prime?
True
Is 3615641 composite?
False
Is 105648905 prime?
False
Is 6790709 prime?
False
Is 32170009 prime?
True
Is 12681649 a composite number?
True
Is 29009777 a composite number?
False
Is 133079 a composite number?
True
Is 26950331 a composite number?
False
Is 352057031 a composite number?
False
Is 67856597 a prime number?
True
Is 36712471 prime?
True
Is 5932153 prime?
False
Is 13435511 prime?
False
Is 7168699 prime?
False
Is 51015721 composite?
False
Is 696016651 prime?
False
Is 7093349 a prime number?
False
Is 130907 a prime number?
False
Is 1581113 prime?
True
Is 243621947 a prime number?
True
Is 338303413 a prime number?
False
Is 269899087 prime?
False
Is 122700031 a composite number?
False
Is 111228239 composite?
True
Is 396523 composite?
False
Is 5052821 prime?
True
Is 4131877 a composite number?
False
Is 32386061 prime?
False
Is 417839 composite?
False
Is 16581443 composite?
True
Is 196123534 composite?
True
Is 3718013 prime?
False
Is 4743769 a composite number?
False
Is 296080727 a prime number?
True
Is 19764509 a composite number?
False
Is 1127869 a prime number?
False
Is 49925861 composite?
False
Is 227265949 prime?
True
Is 5155193 composite?
False
Is 76316239 composite?
False
Is 32003831 composite?
False
Is 1807903 a prime number?
True
Is 4003963 a prime number?
True
Is 35013457 composite?
False
Is 460898 composite?
True
Is 28268929 a composite number?
True
Is 29893391 a prime number?
False
Is 46645895 a prime number?
False
Is 9895687 composite?
True
Is 2567077 composite?
True
Is 196914551 prime?
True
Is 17689613 prime?
True
Is 28086371 composite?
False
Is 239023847 composite?
False
Is 31426179 prime?
False
Is 970271 prime?
False
Is 1933949 composite?
True
Is 186537893 composite?
False
Is 4668847 a prime number?
False
Is 3488809 prime?
True
Is 917012267 composite?
False
Is 5691641 a composite number?
False
Is 88530479 a prime number?
True
Is 24595037 a composite number?
False
Is 7250519 composite?
False
Is 5902538 a composite number?
True
Is 549001 a composite number?
False
Is 2853547 a composite